.
-41063024
1ba0732 (base 12) to base 6
331044502
Convert -510642 (base 7) to base 4.
-111023220
What is -22681456 (base 9) in base 7?
-162544662
-151582 (base 9) to base 8
-265606
What is -198d (base 16) in base 6?
-50141
783663 (base 9) to base 14
c2a89
-96350 (base 10) to base 3
-11220011112
What is -1100120212 (base 4) in base 3?
-121201122121
What is -944eb4 (base 15) in base 7?
-113645464
Convert -2540067 (base 8) to base 7.
-5663063
Convert 2221100120100 (base 3) to base 12.
633a90
4b28b97 (base 12) to base 13
3090379
Convert -29a952 (base 16) to base 13.
-74799a
584229 (base 11) to base 3
1202010221122
-11200111112220 (base 3) to base 11
-14507aa
-4023 (base 14) to base 8
-25377
What is -13223233 (base 5) in base 11?
-90978
Convert -423681 (base 9) to base 8.
-754240
Convert 421512 (base 6) to base 3.
1201202222
What is 3470a76 (base 11) in base 16?
5c824b
What is 27586286 (base 9) in base 15?
12e5eec
Convert 14420312 (base 6) to base 7.
4152545
4322463 (base 7) to base 9
882503
1b583 (base 13) to base 8
150660
Convert -21430026 (base 8) to base 3.
-22122200210002
45a72 (base 12) to base 10
93110
What is 17779 (base 12) in base 2?
1000010010001101
413243234 (base 5) to base 9
3165375
-13011631 (base 8) to base 11
-16a3281
64a02 (base 11) to base 9
153418
What is -5344e (base 16) in base 3?
-122022212020
-610311 (base 8) to base 15
-3e7da
2102100012 (base 3) to base 16
ba11
Convert 11010010110010110 (base 2) to base 15.
21ea1
What is 2f464 (base 16) in base 10?
193636
Convert -140130302 (base 5) to base 8.
-2547152
24514306 (base 7) to base 9
4131514
Convert 44926 (base 11) to base 8.
176755
What is 31158 (base 9) in base 11?
14489
Convert -2304124 (base 5) to base 13.
-15976
What is -104589 (base 11) in base 8?
-506245
What is 109c44 (base 13) in base 7?
3225132
-214020 (base 6) to base 5
-1031344
Convert -ba167 (base 13) to base 2.
-1010010001000001011
What is -5203364 (base 8) in base 10?
-1378036
Convert 160126162 (base 7) to base 13.
22b8b09
Convert 58e (base 15) to base 4.
103223
-12dc252 (base 16) to base 5
-20030313312
What is -302133212 (base 4) in base 8?
-623746
What is 1324710 (base 8) in base 3?
200212010002
-6091a (base 14) to base 8
-705534
What is -170116 (base 9) in base 12?
-50980
What is 11133202032 (base 4) in base 2?
101011111100010001110
3429989 (base 10) to base 14
653dd3
Convert 354405215 (base 6) to base 9.
13466232
What is 2017365 (base 8) in base 10?
532213
What is -5797a1 (base 14) in base 15?
-3de346
What is 2346705 (base 8) in base 6?
21434313
1000011111111100110 (base 2) to base 9
464026
2102340020 (base 5) to base 15
5aade0
-50402204 (base 6) to base 13
-3b1625
What is 16a347 (base 13) in base 16?
89fcb
Convert -39651 (base 11) to base 9.
-85672
-1113431 (base 8) to base 3
-120021122200
What is -884133 (base 9) in base 8?
-2007043
What is -1101000000100101111 (base 2) in base 8?
-1500457
-12791 (base 14) to base 8
-130533
What is 186136 (base 13) in base 2?
10010101101100111001
cee1b (base 15) to base 4
2200220012
Convert -724504 (base 11) to base 2.
-100011011110101001100
What is 41243446 (base 7) in base 6?
202025214
-15055553 (base 6) to base 14
-d7c17
What is 4b1224 (base 12) in base 4?
10223023330
Convert -1797cbc (base 13) to base 11.
-438a529
Convert 555434 (base 8) to base 9.
314660
What is -1100110101010111100 (base 2) in base 3?
-210100212120
What is -447392 (base 10) in base 14?
-b9088
23203323102 (base 4) to base 10
3030738
-20012211010 (base 3) to base 2
-11101110111100100
What is 2770801 (base 9) in base 6?
52350001
What is -2300611 (base 8) in base 12?
-260635
-b013c1 (base 13) to base 8
-17456454
What is 1220230321 (base 4) in base 7?
3434212
2026353 (base 9) to base 10
1080669
-114b70b (base 12) to base 7
-40241105
What is 13241443422 (base 5) in base 2?
111111111001010100100110
Convert 21103120 (base 4) to base 6.
452224
Convert -16bb838 (base 12) to base 2.
-10010000010000111101100
-13cb37b (base 13) to base 2
-11000000100000101100100
Convert -43e0 (base 16) to base 14.
-6492
Convert 319241 (base 12) to base 13.
2155b1
-330201242 (base 5) to base 10
-1412697
Convert 12224142 (base 6) to base 2.
1011111110001111110
3664625 (base 8) to base 16
f6995
Convert 101111011100011101110 (base 2) to base 12.
62b83a
What is 44647 (base 12) in base 8?
261227
What is -240166 (base 10) in base 8?
-725046
Convert 260261205 (base 7) to base 8.
77010236
5472035 (base 8) to base 13
3c6a28
-1131332012 (base 4) to base 8
-1357606
Convert -4063477 (base 9) to base 7.
-24265600
What is -355183 (base 11) in base 12?
-231b35
What is 711996 (base 10) in base 2?
10101101110100111100
Convert -62143a (base 11) to base 3.
-1212200020110
22132222312 (base 4) to base 2
1010011110101010110110
224031204 (base 5) to base 15
14bd89
What is -1001111111011110 (base 2) in base 10?
-40926
Convert -14357530 (base 8) to base 15.
-448660
What is -2710416 (base 9) in base 11?
-923326
-476072 (base 9) to base 14
-7660a
10000111000011 (base 2) to base 12
5003
Convert -1032032232 (base 4) to base 15.
-64e20
Convert -33074072 (base 8) to base 12.
-246998a
What is 182073 (base 10) in base 3?
100020202110
-2b6b3 (base 16) to base 4
-223122303
234421010 (base 5) to base 6
35223325
Convert 493569 (base 11) to base 14.
1646c6
Convert -111201011200 (base 3) to base 10.
-269856
Convert -113223132001 (base 4) to base 8.
-27533601
Convert -2861471 (base 9) to base 2.
-110000000101101001101
What is 100101100001000 (base 2) in base 11?
13482
Convert -131212131 (base 4) to base 7.
-1013325
What is 22200410 (base 6) in base 2?
10100011010011010110
16737 (base 11) to base 8
55732
Convert 1415a94 (base 12) to base 11.
22a0501
5d62f (base 16) to base 13
10514c
What is -4270045 (base 10) in base 16?
-4127dd
6225451 (base 8) to base 11
a2728a
What is -13189 (base 14) in base 13?
-184b9
Convert -24234 (base 14) to base 7.
-515164
Convert -5212d2 (base 14) to base 13.
-75c62c
What is 1101212 (base 5) in base 12?
ab58
-db93b (base 14) to base 8
-2015721
What is 479b (base 16) in base 15?
5671
-452523 (base 6) to base 11
-26788
Convert -277c1 (base 13) to base 6.
-1325505
What is 3a349 (base 14) in base 6?
3023341
What is 10010100100001110000 (base 2) in base 6?
21012304
-22446 (base 14) to base 16
-144de
Convert 290503 (base 12) to base 4.
2213033103
What is 1051555 (base 7) in base 2?
11111110011101010
What is 412205 (base 7) in base 16?
11312
What is 15a01a (base 11) in base 13?
88902
What is -110000100000110111000 (base 2) in base 15?
-216043
What is 221536 (base 7) in base 6?
500411
Convert -12565a (base 16) to base 8.
-4453132
What is -657c6 (base 14) in base 9?
-414108
14368884 (base 9) to base 10
7131802
222eb (base 15) to base 5
11434141
13210122 (base 9) to base 3
110020100010202
Convert -130517 (base 9) to base 5.
-10013103
-2843b28 (base 13) to base 9
-25877148
4101150 (base 6) to base 11
1232a4
-14317042 (base 9) to base 13
-161676b
Convert -1027123 (base 8) to base 12.
-112697
Convert -346658 (base 9) to base 12.
-a0668
2478146 (base 9) to base 3
2112122011120
-200444424 (base 6) to base 7
-40604314
What is 202220110101 (base 3) in base 4?
1210131202
Convert -111003211 (base 5) to base 13.
-13c88a
What is -161453430 (base 7) in base 4?
-221212021323
3012023003 (base 4) to base 11
504943
6270a (base 15) to base 7
2436604
What is 11101010010001011 (base 2) in base 5?
12314242
Convert -1115161 (base 7) to base 9.
-231181
What is -10010111110111 (base 2) in base 12?
-575b
15a1ab (base 13) to base 7
4362533
What is -22fb2 (base 16) in base 10?
-143282
Convert -165154 (base 14) to base 13.
-215109
207263c (base 13) to base 9
20486008
Convert -340377 (base 9) to base 2.
-110001101110111000
What is 2dbbb0 (base 15) in base 14?
419b56
15c669 (base 15) to base 11
660250
1122243202 (base 5) to base 7
30410331
315188 (base 11) to base 12
204076
What is -86227 (base 13) in base 5?
-30221131
Convert 14433232 (base 7) to base 2.
101001110011001111000
-30bc19 (base 13) to base 15
-177c16
What is 111551435 (base 6) in base 13?
56ac95
Convert -22891cb (base 13) to base 6.
-1020053253
Convert 1c4b (base 13) to base 14.
17c4
What is 302013 (base 7) in base 4?
30132231
What is 130100102223 (base 4) in base 11?
41a98a1
What is -101221020221002 (base 3) in ba